))/2.
7
Suppose -8*i + 2109 = 3*r - 6*i, -4*i = 5*r - 3513. What are the prime factors of r?
3, 5, 47
Suppose -z = -5*s + 1059, 3*s - 553 - 80 = 3*z. Let r = s - 139. What are the prime factors of r?
73
Let o = -244 - -490. What are the prime factors of o?
2, 3, 41
Let l be 0*((-5)/10)/1. Let w = -1 - -2. What are the prime factors of (0 - 15)/(l - w)?
3, 5
Suppose 18*b - 2718 = 9*b. List the prime factors of b.
2, 151
Let d be 334/26 + (-28)/(-182). Let v(h) = h**3 - 12*h**2 - 11*h - 13. What are the prime factors of v(d)?
13
Let i(p) = -p**3 - 3*p**2 + 3*p + 1. Let v be i(-3). Let r(y) = -y**3 - 9*y**2 - 13*y - 8. Let u be r(v). Let q = 63 - u. What are the prime factors of q?
31
Let z be (-36)/30*5/(-2). Let v(d) = -2*d + 0*d**3 - 2*d**3 + 4 + 3*d**3 + 2*d**2. List the prime factors of v(z).
43
Let z(k) = k**2 + 4*k - 21. Let d be z(5). Suppose d = 3*m - 2*w, -4*m = -3*w + 4*w - 21. What are the prime factors of m?
2, 3
Suppose -3*n = y + 7, 3*n + n + 16 = 0. Suppose 0*c = 2*c - s - 109, -2*s - 275 = -y*c. Suppose -i + 0*i + c = 0. What are the prime factors of i?
3, 19
Suppose 2*x = -2*x + 4452. Let k = x - 780. What are the prime factors of k?
3, 37
Let x(u) = 4*u**2 - u - 2. Let h be x(-1). Suppose -3*f - 4*q = -161, q - 208 = -4*f - h*q. List the prime factors of f.
47
Let b be (-2)/15 + 107/15. Suppose 81 = -b*t + 396. List the prime factors of t.
3, 5
Suppose -3*u = -4*u + 90. Suppose -4*o + 2*o + 136 = 3*d, o - u = -2*d. List the prime factors of (d/(-3))/((-2)/3).
2, 11
Let h be -8 - -8 - -1*1. Let t = h + 12. Let p(c) = -c**2 + 16*c + 14. What are the prime factors of p(t)?
53
Let z be ((-10)/(-15))/((-2)/(-6)). Suppose g - 29 = -z*w - 3*w, 3*g = -5*w + 67. List the prime factors of g.
19
Let o(b) = b**3 + 32*b**2 - 90*b + 78. What are the prime factors of o(-33)?
3, 653
Suppose 7*s - 3*s = -32. Let j = 25 + s. What are the prime factors of j?
17
List the prime factors of (-1729)/(-3) - 78/234.
2, 3
Suppose 2*u + 5 = 9. Suppose -5 - 3 = -u*d. Suppose d*o - 87 = o. What are the prime factors of o?
29
Suppose 975 + 72 = 3*d. What are the prime factors of d?
349
Suppose 5*j - 16*b = -15*b + 3532, 0 = 3*j - 6*b - 2130. List the prime factors of j.
2, 353
Let m be (-1)/(-7) + (-26)/(-14). Suppose -4*d - m*r = -r - 119, 2*r + 62 = 2*d. Suppose 5*g - 73 = 3*t, 4*g - t = 34 + d. What are the prime factors of g?
17
Suppose 4*h = 3*x - 638 - 2, x + h - 225 = 0. What are the prime factors of x?
2, 5, 11
Let z(d) = -d**2 + 9*d - 6. Suppose -9 + 1 = -2*u. Let t be z(u). Let c = -8 + t. List the prime factors of c.
2, 3
Let y be (-17)/(-7) - (-84)/(-196). Let h be ((-9)/(-4))/(3/8). Suppose -n + h = y. List the prime factors of n.
2
Let g(x) = -28*x - 2. Let d = -1 - -3. Let w(l) = -l**2 + 2. Let c be w(d). List the prime factors of g(c).
2, 3
Suppose -94*v = -33*v - 85278. What are the prime factors of v?
2, 3, 233
Let v = 5752 - 3399. List the prime factors of v.
13, 181
Let v be (-5)/(5*(-2)/(-30)). Let j be (6/(-8))/(2/(-8)). Let n = j - v. What are the prime factors of n?
2, 3
Let j = -102 - -104. Suppose -5*d = 2*l - 414, -j*l - d = -0*l - 422. List the prime factors of l.
2, 53
Suppose 8*t = 2*t + 12. What are the prime factors of t + 4 + 260 + -3?
263
Let k(u) be the third derivative of 2*u**4 + 3*u**3/2 + 16*u**2. List the prime factors of k(4).
3, 67
Suppose 0 = r - 6*r. Suppose 0*y - y - 2*t + 2 = r, 13 = 3*y - t. Suppose y*q + 3*l = 165, 0*q + 3*l + 69 = 2*q. List the prime factors of q.
3, 13
Suppose -34*g = -10*g - 75624. What are the prime factors of g?
23, 137
Let w(o) = 2*o**3 - 8*o**2 - 7*o + 27. What are the prime factors of w(6)?
3, 43
Let y = 14 + -13. Let m be (0/(-1))/(y - -1). Suppose -c + 59 = 3*t + t, 3*t - 4*c - 30 = m. List the prime factors of t.
2, 7
Let h(d) = 2*d**3 - 4*d**2 - 2*d + 6. Let m(z) = z**2 - 2*z - 2. Let c(f) = h(f) - m(f). Let k = 2 + 2. What are the prime factors of c(k)?
2, 7
Let y(f) = f**3 + 17*f**2 + 6*f + 24. What are the prime factors of y(-7)?
2, 59
Let y be 1 + -2 - -27*4. Let t = y + -47. Suppose 3*o - t = o. List the prime factors of o.
2, 3, 5
Suppose 4*d - 2*i - 290 = 0, 4*d - 212 = -4*i + 48. What are the prime factors of d?
2, 5, 7
Let q(s) be the third derivative of s**4/12 + 5*s**3 + 32*s**2. What are the prime factors of q(-11)?
2
Suppose -3*w = -3*s - 120, 8*w - 3*w - 218 = -4*s. Let l = w + 47. List the prime factors of l.
89
Let j(h) = -h**3 - 4*h**2 - 14*h + 1. Let u be j(-6). Suppose -162*l + u*l = -530. List the prime factors of l.
2, 53
Let t(c) = 7*c**2 - 4*c + 6. Let j be 1*(1 - 1) - -3. Let h be t(j). Suppose 2*u = 3*l - 213, -2*u = l + 2*u - h. What are the prime factors of l?
3, 23
Let h = 4376 + -2318. List the prime factors of h.
2, 3, 7
Suppose -i = -0*i - 5. Suppose 5 = -i*f + 210. What are the prime factors of f?
41
Suppose -l + 7 = -14. Suppose 0 = 3*n + 3*t - l, 5*t - 23 = 5*n - 4*n. Suppose n*u - u - 3*w = 19, -2*w - 36 = -4*u. List the prime factors of u.
7
Let w = 19 - 18. Let j(y) = 1 + 11*y + 0*y - 1. What are the prime factors of j(w)?
11
Let o be (-12)/(((-60)/18)/5). Suppose -8 = -4*b, -6*u - 2*b - 36 = -u. Let f = u + o. List the prime factors of f.
2, 5
Let x = 401 - 187. Let a = x + 18. List the prime factors of a.
2, 29
Let x be 1*(0/(-1) - (12 - 12)). List the prime factors of x/(-3) - (-2 + -12).
2, 7
Let w = 188 + 89. What are the prime factors of w?
277
Suppose 3*t - 2062 = 2*f, -t + 738 = -2*f + 56. List the prime factors of t.
2, 3, 5, 23
Suppose 4*g - 18223 = -5*j, -g - 6302 - 995 = -2*j. List the prime factors of j.
7, 521
Let z be 1526/18 - 4/(-18). What are the prime factors of 1*(z/5 + -4)?
13
Suppose 0*j + 3679 = 13*j. List the prime factors of j.
283
Let r(j) = -j**3 + 11*j**2 - 10*j + 21. Let u be r(9). Let v = 130 - u. List the prime factors of v.
37
Suppose 3*m - 3*c - 2136 = 0, 5*m - 4*m - 706 = 3*c. List the prime factors of m.
5, 11, 13
Let x(p) = p**3 + 8*p**2 - 6*p - 24. Let b be x(-8). Let v = b - -141. List the prime factors of v.
3, 5, 11
Let n(l) = -10*l + 4. Let g be n(-3). Suppose -3*t = -t - g. Suppose 4*a - 139 - t = 0. What are the prime factors of a?
3, 13
Suppose 4*c = -c + f + 50, -c - 2*f + 10 = 0. Let r be (-8)/c*25/(-10). List the prime factors of (-1)/r - 385/(-10).
2, 19
Let o(k) = 2*k**2 - 2*k + 5. Let z be 10 + (-20)/5 + -3. List the prime factors of o(z).
17
Let x(m) = 505*m + 584. List the prime factors of x(3).
2099
Let h be 568/8 - (0 + 3). What are the prime factors of (h/(-6))/((-8)/12)?
17
Let v(x) = x**2 - 1 + 5 + 8*x - 1 + 8. Let q be v(-8). Suppose 5*m - 11 = h, -h = m + h - q. What are the prime factors of m?
3
Suppose -288 = -3*f - 2*o + 516, 260 = f - 2*o. List the prime factors of f.
2, 7, 19
Suppose -2*b + 0 = 4*k + 2, -2*k + 2 = -2*b. Suppose k = 2*r - 4*r. List the prime factors of 6/(r - 3) - -25.
23
Suppose 1024 = -22*v + 30*v. What are the prime factors of v?
2
Suppose -8244 = -8*a + 17028. What are the prime factors of a?
3, 13
Suppose 4*a + 2012 = -4*n, -4*a + 5*a = -4*n - 494. List the prime factors of a/(-8) + 9/12.
2
Let v(u) = u**2 - u + 1. Let s be v(2). Let z(k) = 7*k**2 - 2*k. Let n be z(s). What are the prime factors of (6/9)/(1/n)?
2, 19
Let n be (4 - 44)/(8/(-196)). List the prime factors of (-18)/54 + n/6.
163
List the prime factors of (-7 + 84/20)/(1/(-420)).
2, 3, 7
List the prime factors of 4165/9 - (-3 - 250/(-90)).
463
Let l(q) = q - 8. Let t be l(12). Suppose 4*g - v - 4*v = 326, -2*v + 312 = t*g. What are the prime factors of g?
79
Suppose 0 = 396*l - 411*l + 16170. What are the prime factors of l?
2, 7, 11
Let s(z) = -13 + 21 + 5*z + 31. List the prime factors of s(12).
3, 11
Suppose -30 = -4*g - 2. List the prime factors of -28*(-4)/16*g.
7
Let n be (-4)/(0 - (6/189 + 0)). Suppose n = 4*j - 254. List the prime factors of j.
5, 19
Suppose n = -3*i + 4, -2*n = 5*i - 7*n - 40. Suppose -5*w = 2*f - 0*f - 201, 4*f - 423 = -i*w. List the prime factors of f.
2, 3
Let u(s) be the second derivative of 25*s**3/6 + s**2/2 + 19*s + 2. List the prime factors of u(7).
2, 11
Suppose -g - g = 5*d, -3*g + 42 = -3*d. Suppose -2*h + g = 4. Suppose 4*m - q = 90, h*m + q + 4*q = 56. What are the prime factors of m?
2, 11
Let j = -29 + 51. Suppose 4*s = p + 37, -s = -5*s - 2*p + j. List th